*k + 33666. Determine h(48).
594
Let t(u) = u**2 + 192492*u - 1539990. Determine t(8).
10
Let g(a) = a**3 - 14*a**2 - 872*a + 779. Calculate g(37).
2
Let u(o) = -68*o - 1506. Calculate u(-36).
942
Let c(j) = -9*j**2 + 9496*j + 9497. What is c(-1)?
-8
Let l(x) = -76*x - 2222. Give l(-30).
58
Let l(j) = 2*j**3 - 44*j**2 - 243*j + 4445. What is l(23)?
-86
Let v(w) = -739*w - 252751. Give v(-342).
-13
Let c(q) = -406*q + 2118. Calculate c(9).
-1536
Let t(g) = 162*g**2 + 1607*g + 2603. What is t(-2)?
37
Let c(s) = 3*s**2 + 535*s + 22932. Give c(-71).
70
Let k(s) = 3*s**3 + 79*s**2 + 115*s + 2328. Determine k(-26).
14
Let z(r) = -r**3 - 30*r**2 - 8*r + 2949. What is z(0)?
2949
Let i(d) = 2*d**2 - 19922*d + 338103. Calculate i(17).
7
Let s(p) = 36767*p - 5698886. Calculate s(155).
-1
Let l(m) = m**2 + 1289*m + 11498. What is l(-9)?
-22
Let i(d) = -42*d**2 - 93*d - 735. Calculate i(-6).
-1689
Let f(u) = -2*u**3 - 158*u**2 - 1392*u - 83466. What is f(-77)?
2
Let v(d) = -548*d - 155243. Determine v(-281).
-1255
Let l(k) = k**3 - 9*k**2 - 45*k + 329. Calculate l(10).
-21
Let j(z) = 6*z**2 + 30382*z - 6. Calculate j(0).
-6
Let v(j) = -65443*j - 65441. Calculate v(-1).
2
Let f(m) = 13429*m - 84193. Give f(6).
-3619
Let h(y) = y**2 + 406*y + 5574. Give h(-15).
-291
Let g(k) = 5022*k + 753292. Give g(-150).
-8
Let a(o) = 394*o + 45392. Determine a(-115).
82
Let l(m) = -156*m**2 + 1955*m - 3951. What is l(10)?
-1
Let v(c) = -5*c**2 + 1329*c - 46182. Calculate v(41).
-98
Let h(y) = -5*y**2 - 4888*y - 988982. Determine h(-286).
6
Let x(y) = -y**3 + 144*y**2 + 1535*y + 641. Give x(154).
-129
Let t(h) = -2*h**3 - 8*h**2 + 701*h - 1365. What is t(2)?
-11
Let n(v) = -v**2 + 44*v + 5038. What is n(-51)?
193
Let n(r) = -125261*r + 4634634. Calculate n(37).
-23
Let s(g) = g**3 - 313*g**2 + 358*g - 14257. What is s(312)?
95
Let z(u) = 105141*u - 315427. What is z(3)?
-4
Let y(d) = -d**3 - 293*d**2 + 7601*d + 170. Give y(24).
2
Let p(s) = 203227*s + 3048374. What is p(-15)?
-31
Let c(a) = 3*a**2 + 502*a - 1292. What is c(-170)?
68
Let z(k) = -k**3 - 7*k**2 - 3543*k - 21197. Determine z(-6).
25
Let d(o) = o**2 - 3732*o + 66848. Determine d(18).
-4
Let f(x) = 105*x + 1415. Determine f(-11).
260
Let l(r) = 16*r**3 + 467*r**2 - 398*r - 23. Calculate l(-30).
217
Let b(y) = -38*y**3 + 1030*y**2 - 126*y + 145. Determine b(27).
-341
Let y(k) = -2*k**2 + 740*k - 36315. Determine y(58).
-123
Let s(p) = 5*p**2 + 91*p - 21. Give s(-25).
829
Let h(s) = -92*s**3 - 9*s**2 + 33*s + 94. Calculate h(-2).
728
Let d(o) = 12215*o + 232032. Determine d(-19).
-53
Let o(l) = -l**2 - 418*l + 25968. What is o(55)?
-47
Let b(j) = -52*j**2 - 223*j - 97. Determine b(-3).
104
Let s(t) = -t**2 - 788*t - 71736. Determine s(-105).
-21
Let m(k) = -309496*k + 2475953. Give m(8).
-15
Let p(n) = 24*n**3 - 6*n**2 + 33*n + 228. What is p(-5)?
-3087
Let q(s) = -11716*s + 75269. Give q(6).
4973
Let q(u) = -u**2 - 2227*u - 11106. Calculate q(-5).
4
Let r(g) = -30*g**3 - 23522*g**2 - 1602*g - 26652. Give r(-784).
4
Let l(q) = -3*q**3 + 28*q**2 - 3*q - 392. What is l(7)?
-70
Let a(n) = -5782*n - 2717638. What is a(-470)?
-98
Let y(r) = -r**3 + 56*r**2 - 1521*r + 85149. Calculate y(56).
-27
Let o(m) = -5*m**2 - 4128*m - 84483. What is o(-21)?
0
Let t(n) = 302483*n - 4234757. Determine t(14).
5
Let l(p) = -8*p**2 - 7088*p + 227407. Give l(-917).
-9
Let c(q) = 2*q**3 - 6*q**2 + 706*q - 2780. Give c(4).
76
Let a(q) = -1718*q + 319476. Calculate a(186).
-72
Let n(f) = 1409*f + 17911. Determine n(-13).
-406
Let v(l) = l**3 - 51417*l**2 - 308540*l - 15. What is v(-6)?
-3
Let l(w) = -7*w**3 + 558*w**2 + 159*w + 257. Determine l(80).
177
Let k(r) = 7*r**3 + 89*r**2 - 36*r - 76. What is k(-13)?
54
Let q(u) = u**3 - 22*u**2 - 16*u + 100. Give q(16).
-1692
Let w(a) = 10*a**2 + 10364*a - 72619. Give w(7).
419
Let o(t) = 41*t**2 - 112*t + 40. Calculate o(8).
1768
Let z(x) = -15022*x - 29971. Determine z(-2).
73
Let o(k) = -319325*k - 2235316. Give o(-7).
-41
Let j(i) = i**3 - 14*i**2 + 49*i - 241. What is j(10)?
-151
Let k(q) = -892202*q - 13383017. What is k(-15)?
13
Let f(w) = -2*w**2 - 33912*w - 440513. Determine f(-13).
5
Let f(w) = -147133*w + 294264. Give f(2).
-2
Let j(t) = -3*t**3 - 23*t**2 - 240*t - 774. Calculate j(-4).
10
Let f(i) = -2*i**3 - 639*i**2 + 268*i - 16635. What is f(-320)?
5
Let u(d) = 12*d**3 - 208*d**2 + 161*d - 1610. Calculate u(17).
-29
Let y(j) = 2*j**2 + 869*j + 106. What is y(0)?
106
Let r(y) = -y**3 + 50*y**2 - 517*y + 1332. Give r(37).
0
Let z(o) = -51*o**3 - 29*o**2 + 122*o - 39. Calculate z(3).
-1311
Let k(g) = -7222*g - 93900. What is k(-13)?
-14
Let m(w) = 684*w - 22584. Determine m(33).
-12
Let t(w) = w**3 + 14*w**2 + 2840*w + 30749. What is t(-11)?
-128
Let g(u) = 6106*u - 818211. Calculate g(134).
-7
Let p(t) = -210*t - 2619. Calculate p(-14).
321
Let c(g) = -174*g - 8626. Determine c(-50).
74
Let x(t) = 44992*t + 9088407. Give x(-202).
23
Let c(t) = -3901*t - 183316. Calculate c(-47).
31
Let u(j) = 638505*j + 1915564. Give u(-3).
49
Let i(c) = -19*c + 659. Give i(-7).
792
Let x(c) = -c**2 - 334*c - 23000. Calculate x(-238).
-152
Let s(x) = -40*x - 2116. What is s(-59)?
244
Let y(l) = -2*l**3 + 7*l**2 - 2*l + 18. Give y(4).
-6
Let y(t) = -245*t**2 - 1715*t - 2407. Determine y(-5).
43
Let s(n) = 2*n**2 - 4505*n + 704221. Calculate s(169).
-2
Let g(m) = 2*m**2 - 36104*m + 685264. What is g(19)?
10
Let v(r) = -3818*r + 733084. What is v(192)?
28
Let c(k) = -3*k**2 - 1147*k - 6853. Calculate c(-6).
-79
Let q(o) = 131*o**2 - 954*o - 2038. Determine q(9).
-13
Let u(x) = 32*x**2 - 6606*x - 17139. Determine u(209).
-1
Let q(g) = -g**3 + 168*g**2 - 3700*g + 199. Calculate q(26).
-9
Let y(b) = -4*b**2 - 938*b - 9333. Calculate y(-10).
-353
Let s(t) = -756*t**2 + 21091*t + 2154. What is s(28)?
-2
Let p(t) = 6*t**3 - 22*t**2 - 100*t - 27. What is p(-3)?
-87
Let a(u) = 26*u**2 - 2093*u - 712. Calculate a(80).
-1752
Let b(a) = 16572*a + 414367. Determine b(-25).
67
Let o(s) = s**2 - 776*s + 92456. Determine o(150).
-1444
Let p(o) = -39108*o - 8212689. Determine p(-210).
-9
Let m(l) = 3522*l**2 + 125*l - 126. Calculate m(1).
3521
Let f(j) = 7*j**3 - 1660*j**2 - 20665*j - 495. What is f(249)?
3
Let q(g) = -g**3 + 25*g**2 + 5521*g + 2012. Calculate q(88).
-12
Let s(i) = i**2 - 166*i + 1954. What is s(13)?
-35
Let q(r) = -r**3 - 21*r**2 + 25*r + 59. Calculate q(-12).
-1537
Let q(x) = -929*x + 3832. What is q(5)?
-813
Let j(w) = 18*w**3 - 3*w**2 - 1564*w - 1562. Calculate j(-1).
-19
Let z(b) = 5863*b + 12372. What is z(-2)?
646
Let p(u) = -1373120*u + 10984968. Give p(8).
8
Let y(n) = -9707*n + 164994. Calculate y(17).
-25
Let b(s) = -3*s**2 + 306768*s - 1227021. Calculate b(4).
3
Let x(p) = 1072*p**2 - 2*p + 438. Calculate x(0).
438
Let x(f) = -16*f + 758. What is x(13)?
550
Let z(j) = -154*j + 2829. Determine z(18).
57
Let r(l) = -l**3 - 71*l**2 - 329*l - 583. Give r(-66).
-649
Let t(h) = 509*h + 70767. Give t(-139).
16
Let u(c) = -14*c**2 + 1982*c + 3961. Determine u(-2).
-59
Let p(m) = 272*m**2 - 221*m - 678. What is p(-3)?
2433
Let h(t) = -10058*t - 90587. Determine h(-9).
-65
Let y(j) = j**3 - 418*j**2 - 2308*j + 261655. Determine y(422).
15
Let w(f) = f**3 - 4504*f**2 + 18003*f - 11. Give w(4).
1
Let m(d) = -212268*d + 2971750. What is m(14)?
-2
Let m(j) = -9305*j - 2903150. Give m(-312).
10
Let m(j) = -j**3 + 274*j**2 - 6219*j - 1353. Give m(249).
141
Let d(a) = 24*a**2 - 29*a - 1056. Calculate d(6).
-366
Let x(i) = 2*i**2 - 1542*i - 502891. Give x(1018).
1
Let p(f) = -1208*f - 118206. Calculate p(-98).
178
Let g(a) = -3*a**3 + 16*a**2 + 534*a + 4540. Determine g(-9).
3217
Let u(n) = -211*n**2 + 2*n + 54. Calculate u(2).
-786
Let k(v) = 3*v**2 + 2419*v + 126159. Give k(-56).
103
Let t(l) = -2*l**2 - 7115*l - 56918. Give t(-8).
-126
Let o(p) = 2*p**3 - p**2 + 224*p + 1296. Give o(0).
1296
Let b(u) = 6*u**2 - 711*u + 3546. What is b(5)?
141
Let d(m) = 2*m**3 + 79*m**2 - 122*m - 231. Calculate d(-41).
-272
Let b(y) = -8*y**2 - 1154*y - 2142. What is b(-142)?
414
Let l(r) = r**2 + 1952*r - 37451. Calculate l(19).
-2
Let o(q) = 68*q**2 - 27201*q + 828. Calculate o(400).
428
Let x(g) = 7*g**3 + 46*g**2 - 539*g - 2862. Determine x(-5).
108
Let i(k) = -5*k**2 - 248*k - 1024. Calculate i(-45).
11
Let b(